m. Calculate the remainder when 2/3 + (-426)/(-9) is divided by r.
14
Suppose 11*p - 203 = 4*p. What is the remainder when 79 is divided by p?
21
Let v(f) = -f**3 + 10*f**2 + 8*f - 38. Let r be v(11). Let h = r + 78. Let c = -6 - -11. What is the remainder when h is divided by c?
2
Suppose 8*y + 38 - 190 = 0. Calculate the remainder when 74 is divided by y.
17
Let y = -161 + 230. Calculate the remainder when y is divided by 26.
17
Let i = 763 - 739. Suppose o = 6*o - 25. Calculate the remainder when i is divided by o.
4
Let u(l) = -5 - 2*l**3 + 15 + 4*l**3 + 2*l + 1 - 7*l**2. What is the remainder when u(4) is divided by 14?
7
Let h be 5 - 2 - (-3 - -6). Let s be 108/12 + -3 + h. What is the remainder when 63/6*32/s is divided by 15?
11
Suppose 0 = v + 3, 4*v + 3536 - 279 = 5*o. What is the remainder when o is divided by 31?
29
Let o = 1089 - 745. What is the remainder when 88 is divided by o/19 - 28/266?
16
What is the remainder when 13*(-7 - (12 + -42)) is divided by 12?
11
Let t = 38 - 31. Let h(q) = 2*q**2 + 27*q + 12. What is the remainder when h(-14) is divided by t?
5
Let r(y) = -y**2 - 7*y + 10. Let w be r(-8). Suppose -w*x = x - 60. Suppose 3*t + t = x. What is the remainder when 18 is divided by t?
3
Let n be (4/8)/((-2)/24). Let o(f) = -154*f - 94. Calculate the remainder when o(-1) is divided by 3/(n/(-22)) + -2.
6
Let c = -34 - 3. Let f = 58 + c. What is the remainder when f is divided by 6?
3
Let y = -14 + 19. Suppose -5*a - 90 = d, d - 42 + 6 = 2*a. Calculate the remainder when ((-63)/(-6))/(-7)*a is divided by y.
2
Suppose -h = -5*h. Suppose a - 3*a - 3*x = h, 4 = -2*x. Suppose -r + 2*y = -a*r + 82, -20 = -5*y. What is the remainder when r is divided by 19?
18
Suppose 4*f + 0*f = 8. Suppose -f*z - 32 = -4*a, z = -5*a - 3*z + 66. Calculate the remainder when 19 is divided by ((-1)/(-2))/(a/220).
8
Suppose -5*g + 11 = -0*w - w, 3*g - 57 = -5*w. Suppose -5*o + o - 3 = 3*m, -2*m + w = -o. Let p = 2 + 3. What is the remainder when p is divided by m?
2
Suppose 5*i - 103 + 73 = 0. Suppose 5*b - q = -i*q + 180, -b = 3*q - 46. Calculate the remainder when b is divided by 16.
15
Let x = 232 + 107. What is the remainder when x is divided by 116?
107
Let z(d) = -6*d + 34. What is the remainder when 162 is divided by z(2)?
8
Let r = -34 + 63. Suppose -2*n = -m + 5 + r, -3*m = 4*n - 112. What is the remainder when 105 is divided by m?
33
Calculate the remainder when ((-77)/3)/((-149)/447 - (0 + 0)) is divided by ((-2)/10 - -1)*20.
13
Suppose -19*k + 15*k = -1560. Calculate the remainder when k is divided by 67.
55
Suppose 0 = n + c + 3, -2*n - 3*c = -6*c - 19. Suppose n*w + 8 = 84. Suppose -4*j + 44 = -f, -2*f - 28 = -j - j. What is the remainder when w is divided by j?
8
Let w(p) = -3*p**3 - 12*p**2 - 26*p + 9. Calculate the remainder when w(-4) is divided by 60.
53
Let z = 823 + -755. Calculate the remainder when z is divided by 19.
11
Suppose -33*h + 58*h = 20875. Calculate the remainder when h is divided by 93.
91
Suppose 9 = 2*f - 9. Suppose f*a = 4*a. Suppose 5*w - 15 = a, 3*i = 5*i + w - 45. What is the remainder when i is divided by 11?
10
Let g = -50 - -178. Calculate the remainder when g is divided by 28.
16
Let q be ((0 - -1) + 3)*(9 + -11). What is the remainder when (-87)/q*10 - 1/(-4) is divided by 55?
54
Calculate the remainder when (-8103)/185*(-4)/(8/30) is divided by 23.
13
Let v(s) = -6*s**2 + 106*s + 39. What is the remainder when 185 is divided by v(18)?
2
Let m(z) = -2*z**3 + 20*z**2 - z + 25. Calculate the remainder when 87 is divided by m(10).
12
Let r(l) = 137*l**2 + 8*l + 7. Calculate the remainder when r(-1) is divided by 24.
16
Let b = 39 + -23. What is the remainder when 93 is divided by b?
13
Suppose -l = b + 11, -l + 0*l = -4*b - 14. Calculate the remainder when (-21)/(-14) - 93/l is divided by 5.
2
Suppose -7*j + 14 = -7. Suppose 0 = t - j. What is the remainder when 4 is divided by t?
1
Calculate the remainder when 8 - (1 + -4) - -798 is divided by 30.
29
What is the remainder when 579 is divided by (-3)/15*110*(-7)/14?
7
Suppose 2*m = 3*m + 5. Let y(o) = o**3 + 6*o**2 + 3*o + 2. What is the remainder when 45 is divided by y(m)?
9
Let f(h) = h**2 - 4*h - 17. Let m be 28*(3 + (-10)/4). Let b be f(m). Suppose 7*y - b = 4*y. What is the remainder when y is divided by 15?
11
Let u be (-20)/(-50) - (-46)/10. Suppose -9 - 52 = -3*g - 2*l, 5*g - 110 = -u*l. What is the remainder when 64 is divided by g?
13
Let h(w) = 6*w - 15. Let j be h(6). Suppose 0 = 3*g - 0*g - j. Suppose 5*i - 2*v - 128 = -3*v, 2*v = -2*i + 56. What is the remainder when i is divided by g?
4
Suppose 2 = -3*n + n, -105 = -5*r - 5*n. Let w = 41 - r. Suppose y + 0*k + 2*k - w = 0, -5*y + 88 = 3*k. Calculate the remainder when y is divided by 10.
7
Let m be (3 - 6/4)*4. Suppose m*n = 3*n + 225. Suppose -5*u = 5*l - n, 60 = -0*u + 4*u + 3*l. Calculate the remainder when 43 is divided by u.
13
Suppose 8*s - 572 = 532. Suppose -13*k - s = -16*k. Calculate the remainder when k is divided by 6.
4
Let m be (22/4)/((-10)/20). Let o = 100 - m. What is the remainder when o is divided by 38?
35
Suppose 7 = f + a - 0*a, -4*f + 2*a = -46. Calculate the remainder when 22 + -15 - (-39 + -1) is divided by f.
7
Let n(m) = m**3 - 8*m**2 + 11*m + 7. Let t be n(8). Suppose 3*o - 82 = t. What is the remainder when o is divided by 30?
29
Suppose -k = 3*k + 544. Let a = k - -198. Let n = 64 + -43. What is the remainder when a is divided by n?
20
Suppose -m - 4*m + 50 = 0. Suppose 0 = -4*j - g - 3, 4*g - 4 = 16. Let p = m + j. Calculate the remainder when 29 is divided by p.
5
Let g = 59 + -29. Calculate the remainder when 1/3 - (-3883)/33 is divided by g.
28
Suppose 168 = -4*a + 200. What is the remainder when 142 is divided by a?
6
Let d(j) be the first derivative of -55*j**4/4 + j**2/2 + j + 8. Let g(x) = -2*x + 3. Let i be g(2). Calculate the remainder when d(i) is divided by 19.
17
Let x be 3/(-12) - 386/(-8). Let q = x - 43. Calculate the remainder when 8 is divided by q.
3
Suppose 3*a = -6, -g - 3*a + 16 = g. What is the remainder when ((-95)/(-15))/((-15)/(-90)) is divided by g?
5
Let r(h) = -h**2 + 9*h - 14. Let d be r(7). Suppose d*a + 59 = 3*z + 4*a, -3*a - 12 = 0. Calculate the remainder when z is divided by 13.
12
Suppose 9*a - 400 = -85. Calculate the remainder when a is divided by 12.
11
Let j = -179 + 188. Suppose 18 + 7 = 5*n. What is the remainder when j is divided by n?
4
Calculate the remainder when 2016/105*(-10)/(-9)*6 is divided by 24.
8
Let z = 471 + -233. What is the remainder when z is divided by 10?
8
Suppose -2*v = -6*k + 7*k - 17, 4*v + 66 = 2*k. Calculate the remainder when 85 is divided by k.
10
Let c be (-4)/(-3)*(-9)/(-6). Suppose 2*n - 7 = -d + 3, 3*n - 5*d = c. Calculate the remainder when n is divided by 4.
0
Let f(j) = j**3 - 24*j**2 + 2*j - 34. Let o = -22 - -46. What is the remainder when 1/2 - (-309)/6 is divided by f(o)?
10
Let x = 402 - -234. Let m = x + -1000. Calculate the remainder when 25 is divided by (m/(-8))/7*2.
12
Let i(j) = -2*j**2 + 10*j + 3. Let q be i(5). Suppose -4*r + 2*k + 42 = -3*r, q*r - 3*k = 138. Calculate the remainder when r is divided by 17.
16
Let y(k) = k**2 + 24*k + 36. Let c be (-1)/4 + 14*39/(-24). Suppose -5*f + 4*f - 4*a = 4, 5*f + 5*a - 25 = 0. Calculate the remainder when y(c) is divided by f.
5
Let l(n) be the first derivative of n**3 - n**2 + 6*n + 1. Let s(t) = -44*t + 452. What is the remainder when l(4) is divided by s(10)?
10
Suppose 357 = -685*s + 692*s. What is the remainder when 151 is divided by s?
49
Suppose -5 = -m + 3. Suppose 0 = -m*k + 3*k + 585. Let r = 27 - 3. What is the remainder when k is divided by r?
21
Suppose 3*c = -7*s + 9*s - 101, -s + 53 = -c. What is the remainder when 635 is divided by s?
55
Let t(d) = 17*d - 520. Suppose -4*h = 31 + 69. Let n = h - -52. Calculate the remainder when n is divided by t(31).
6
Calculate the remainder when (-1)/((-66)/55) - 2270/(-12) is divided by 29.
16
Suppose -8*h - 6 = -11*h. Calculate the remainder when 20 is divided by (h + (-22)/(-4))*2/3.
0
What is the remainder when 142 is divided by 348/9 + (22/(-33) - 1)?
31
Suppose 0 = 3*j + 2*j + 5. Let v(x) = -x - 1. Let n be v(j). Suppose n = u - 6*u + 70. What is the remainder when 25 